{"id":6921,"date":"2023-09-04T17:50:03","date_gmt":"2023-09-04T15:50:03","guid":{"rendered":"https:\/\/lafillerenne.fr\/blog\/?post_type=product&#038;p=6921"},"modified":"2026-01-30T23:22:57","modified_gmt":"2026-01-30T22:22:57","slug":"pins-scarabee-a-cristaux","status":"publish","type":"product","link":"https:\/\/lafillerenne.fr\/blog\/produit\/pins-scarabee-a-cristaux\/","title":{"rendered":"Pin&#8217;s scarab\u00e9e \u00e0 cristaux"},"content":{"rendered":"<p>Pin&#8217;s repr\u00e9sentant un scarab\u00e9e lucane cerf-volant (<em>Lucanus cervus<\/em>) couvert de cristaux.<br \/>\nM\u00e9tal anodis\u00e9 rainbow (soft enamel).<br \/>\nLe m\u00e9tal anodis\u00e9 peut pr\u00e9senter des petites imperfections \u00e0 sa surface et ses couleurs varient d&#8217;un pin&#8217;s \u00e0 l&#8217;autre.<\/p>\n<p>6,1 x 3,8 cm<br \/>\nDeux attaches noires en caoutchouc au dos.<\/p>\n<p>Envoi partout dans le monde. Il est aussi possible de le r\u00e9cup\u00e9rer sans frais d&#8217;envoi \u00e0 la boutique Encre&amp;Cendre (Lyon 1). S\u00e9lectionner &#8220;point de vente&#8221; en m\u00e9thode d&#8217;exp\u00e9dition.<\/p>\n<p>\u2728<br \/>\n<em>stag beetle pin rainbow metal<\/em><\/p>\n","protected":false},"excerpt":{"rendered":"<p>Pin&#8217;s repr\u00e9sentant un scarab\u00e9e lucane cerf-volant (Lucanus cervus) couvert de cristaux. M\u00e9tal anodis\u00e9 rainbow (soft enamel). Le m\u00e9tal anodis\u00e9 peut pr\u00e9senter des petites imperfections \u00e0 sa surface et ses couleurs varient d&#8217;un pin&#8217;s \u00e0 l&#8217;autre. 6,1 x 3,8 cm Deux attaches noires en caoutchouc au dos. Envoi partout dans le monde. Il est aussi possible &hellip; <\/p>\n<p class=\"link-more\"><a href=\"https:\/\/lafillerenne.fr\/blog\/produit\/pins-scarabee-a-cristaux\/\" class=\"more-link\">Continuer la lecture<span class=\"screen-reader-text\"> de &laquo;&nbsp;Pin&#8217;s scarab\u00e9e \u00e0 cristaux&nbsp;&raquo;<\/span><\/a><\/p>\n","protected":false},"featured_media":6922,"template":"","meta":[],"product_cat":[55],"product_tag":[64],"_links":{"self":[{"href":"https:\/\/lafillerenne.fr\/blog\/wp-json\/wp\/v2\/product\/6921"}],"collection":[{"href":"https:\/\/lafillerenne.fr\/blog\/wp-json\/wp\/v2\/product"}],"about":[{"href":"https:\/\/lafillerenne.fr\/blog\/wp-json\/wp\/v2\/types\/product"}],"wp:featuredmedia":[{"embeddable":true,"href":"https:\/\/lafillerenne.fr\/blog\/wp-json\/wp\/v2\/media\/6922"}],"wp:attachment":[{"href":"https:\/\/lafillerenne.fr\/blog\/wp-json\/wp\/v2\/media?parent=6921"}],"wp:term":[{"taxonomy":"product_cat","embeddable":true,"href":"https:\/\/lafillerenne.fr\/blog\/wp-json\/wp\/v2\/product_cat?post=6921"},{"taxonomy":"product_tag","embeddable":true,"href":"https:\/\/lafillerenne.fr\/blog\/wp-json\/wp\/v2\/product_tag?post=6921"}],"curies":[{"name":"wp","href":"https:\/\/api.w.org\/{rel}","templated":true}]}}