{"id":6972,"date":"2023-10-23T17:57:39","date_gmt":"2023-10-23T15:57:39","guid":{"rendered":"https:\/\/lafillerenne.fr\/blog\/?post_type=product&#038;p=6972"},"modified":"2025-12-23T10:30:16","modified_gmt":"2025-12-23T09:30:16","slug":"badge-chauve-souris-javelot","status":"publish","type":"product","link":"https:\/\/lafillerenne.fr\/blog\/produit\/badge-chauve-souris-javelot\/","title":{"rendered":"Badge chauve-souris javelot"},"content":{"rendered":"<p>Badge repr\u00e9sentant une t\u00eate de chauve-souris javelot (<em>Vampyrum spectrum<\/em>).<br \/>\n4,3 cm de diam\u00e8tre<\/p>\n<p>Envoi partout dans le monde. Il est aussi possible de le r\u00e9cup\u00e9rer sans frais d&#8217;envoi \u00e0 la boutique Encre&amp;Cendre (Lyon 1). S\u00e9lectionner &#8220;point de vente&#8221; en m\u00e9thode d&#8217;exp\u00e9dition.<\/p>\n<p>\u2728<br \/>\n<em>button pins bat<\/em><\/p>\n","protected":false},"excerpt":{"rendered":"<p>Badge repr\u00e9sentant une t\u00eate de chauve-souris javelot (Vampyrum spectrum). 4,3 cm de diam\u00e8tre Envoi partout dans le monde. Il est aussi possible de le r\u00e9cup\u00e9rer sans frais d&#8217;envoi \u00e0 la boutique Encre&amp;Cendre (Lyon 1). S\u00e9lectionner &#8220;point de vente&#8221; en m\u00e9thode d&#8217;exp\u00e9dition. \u2728 button pins bat<\/p>\n","protected":false},"featured_media":6973,"template":"","meta":[],"product_cat":[56],"product_tag":[71],"_links":{"self":[{"href":"https:\/\/lafillerenne.fr\/blog\/wp-json\/wp\/v2\/product\/6972"}],"collection":[{"href":"https:\/\/lafillerenne.fr\/blog\/wp-json\/wp\/v2\/product"}],"about":[{"href":"https:\/\/lafillerenne.fr\/blog\/wp-json\/wp\/v2\/types\/product"}],"wp:featuredmedia":[{"embeddable":true,"href":"https:\/\/lafillerenne.fr\/blog\/wp-json\/wp\/v2\/media\/6973"}],"wp:attachment":[{"href":"https:\/\/lafillerenne.fr\/blog\/wp-json\/wp\/v2\/media?parent=6972"}],"wp:term":[{"taxonomy":"product_cat","embeddable":true,"href":"https:\/\/lafillerenne.fr\/blog\/wp-json\/wp\/v2\/product_cat?post=6972"},{"taxonomy":"product_tag","embeddable":true,"href":"https:\/\/lafillerenne.fr\/blog\/wp-json\/wp\/v2\/product_tag?post=6972"}],"curies":[{"name":"wp","href":"https:\/\/api.w.org\/{rel}","templated":true}]}}