{"id":7024,"date":"2023-10-23T18:40:00","date_gmt":"2023-10-23T16:40:00","guid":{"rendered":"https:\/\/lafillerenne.fr\/blog\/?post_type=product&#038;p=7024"},"modified":"2025-12-08T12:59:26","modified_gmt":"2025-12-08T11:59:26","slug":"sticker-crane-baleine-a-bosse-collection-lofoten","status":"publish","type":"product","link":"https:\/\/lafillerenne.fr\/blog\/produit\/sticker-crane-baleine-a-bosse-collection-lofoten\/","title":{"rendered":"Sticker cr\u00e2ne baleine \u00e0 bosse, collection Lofoten"},"content":{"rendered":"<p>Sticker en papier kraft r\u00e9sistant repr\u00e9sentant un cr\u00e2ne de baleine \u00e0 bosse (<em>Megaptera novaeangliae<\/em>).<br \/>\n9,3 x 6 cm<br \/>\nCr\u00e9\u00e9 \u00e0 partir de papier recycl\u00e9<\/p>\n<p>Vendu \u00e0 l&#8217;unit\u00e9<\/p>\n<p>Envoi partout dans le monde. Il est aussi possible de le r\u00e9cup\u00e9rer sans frais d&#8217;envoi \u00e0 la boutique Encre&amp;Cendre (Lyon 1). S\u00e9lectionner &#8220;point de vente&#8221; en m\u00e9thode d&#8217;exp\u00e9dition.<\/p>\n<p>\u2728<br \/>\n<em>stickers kraft lofoten norway scandinavia arctic winter skull bones whale<\/em><\/p>\n","protected":false},"excerpt":{"rendered":"<p>Sticker en papier kraft r\u00e9sistant repr\u00e9sentant un cr\u00e2ne de baleine \u00e0 bosse (Megaptera novaeangliae). 9,3 x 6 cm Cr\u00e9\u00e9 \u00e0 partir de papier recycl\u00e9 Vendu \u00e0 l&#8217;unit\u00e9 Envoi partout dans le monde. Il est aussi possible de le r\u00e9cup\u00e9rer sans frais d&#8217;envoi \u00e0 la boutique Encre&amp;Cendre (Lyon 1). S\u00e9lectionner &#8220;point de vente&#8221; en m\u00e9thode d&#8217;exp\u00e9dition. &hellip; <\/p>\n<p class=\"link-more\"><a href=\"https:\/\/lafillerenne.fr\/blog\/produit\/sticker-crane-baleine-a-bosse-collection-lofoten\/\" class=\"more-link\">Continuer la lecture<span class=\"screen-reader-text\"> de &laquo;&nbsp;Sticker cr\u00e2ne baleine \u00e0 bosse, collection Lofoten&nbsp;&raquo;<\/span><\/a><\/p>\n","protected":false},"featured_media":6992,"template":"","meta":[],"product_cat":[57,79,80,81],"product_tag":[65,62,63],"_links":{"self":[{"href":"https:\/\/lafillerenne.fr\/blog\/wp-json\/wp\/v2\/product\/7024"}],"collection":[{"href":"https:\/\/lafillerenne.fr\/blog\/wp-json\/wp\/v2\/product"}],"about":[{"href":"https:\/\/lafillerenne.fr\/blog\/wp-json\/wp\/v2\/types\/product"}],"wp:featuredmedia":[{"embeddable":true,"href":"https:\/\/lafillerenne.fr\/blog\/wp-json\/wp\/v2\/media\/6992"}],"wp:attachment":[{"href":"https:\/\/lafillerenne.fr\/blog\/wp-json\/wp\/v2\/media?parent=7024"}],"wp:term":[{"taxonomy":"product_cat","embeddable":true,"href":"https:\/\/lafillerenne.fr\/blog\/wp-json\/wp\/v2\/product_cat?post=7024"},{"taxonomy":"product_tag","embeddable":true,"href":"https:\/\/lafillerenne.fr\/blog\/wp-json\/wp\/v2\/product_tag?post=7024"}],"curies":[{"name":"wp","href":"https:\/\/api.w.org\/{rel}","templated":true}]}}