{"id":7029,"date":"2023-10-23T19:02:37","date_gmt":"2023-10-23T17:02:37","guid":{"rendered":"https:\/\/lafillerenne.fr\/blog\/?post_type=product&#038;p=7029"},"modified":"2025-10-11T14:47:28","modified_gmt":"2025-10-11T12:47:28","slug":"pins-phoque-algues-collection-lofoten","status":"publish","type":"product","link":"https:\/\/lafillerenne.fr\/blog\/produit\/pins-phoque-algues-collection-lofoten\/","title":{"rendered":"Pin&#8217;s phoque &#038; algues, collection Lofoten"},"content":{"rendered":"<p>Pin&#8217;s repr\u00e9sentant un phoque veau-marin (<em>Phoca vitulina)<\/em> et des algues.<br \/>\nBois d&#8217;\u00e9rable (bois issu de for\u00eats g\u00e9r\u00e9es respectueusement de l&#8217;environnement) vernis.<\/p>\n<p>4 x 2,2 cm<br \/>\nAttache noire en caoutchouc au dos.<\/p>\n<p>Envoi partout dans le monde. Il est aussi possible de le r\u00e9cup\u00e9rer sans frais d&#8217;envoi \u00e0 la boutique Encre&amp;Cendre (Lyon 1). S\u00e9lectionner &#8220;point de vente&#8221; en m\u00e9thode d&#8217;exp\u00e9dition.<\/p>\n<p>\u2728<br \/>\n<em>pin lofoten norway scandinavia arctic winter wood seal<\/em><\/p>\n","protected":false},"excerpt":{"rendered":"<p>Pin&#8217;s repr\u00e9sentant un phoque veau-marin (Phoca vitulina) et des algues. Bois d&#8217;\u00e9rable (bois issu de for\u00eats g\u00e9r\u00e9es respectueusement de l&#8217;environnement) vernis. 4 x 2,2 cm Attache noire en caoutchouc au dos. Envoi partout dans le monde. Il est aussi possible de le r\u00e9cup\u00e9rer sans frais d&#8217;envoi \u00e0 la boutique Encre&amp;Cendre (Lyon 1). S\u00e9lectionner &#8220;point de &hellip; <\/p>\n<p class=\"link-more\"><a href=\"https:\/\/lafillerenne.fr\/blog\/produit\/pins-phoque-algues-collection-lofoten\/\" class=\"more-link\">Continuer la lecture<span class=\"screen-reader-text\"> de &laquo;&nbsp;Pin&#8217;s phoque &#038; algues, collection Lofoten&nbsp;&raquo;<\/span><\/a><\/p>\n","protected":false},"featured_media":7007,"template":"","meta":[],"product_cat":[55,79,80,81],"product_tag":[65,62,64],"_links":{"self":[{"href":"https:\/\/lafillerenne.fr\/blog\/wp-json\/wp\/v2\/product\/7029"}],"collection":[{"href":"https:\/\/lafillerenne.fr\/blog\/wp-json\/wp\/v2\/product"}],"about":[{"href":"https:\/\/lafillerenne.fr\/blog\/wp-json\/wp\/v2\/types\/product"}],"wp:featuredmedia":[{"embeddable":true,"href":"https:\/\/lafillerenne.fr\/blog\/wp-json\/wp\/v2\/media\/7007"}],"wp:attachment":[{"href":"https:\/\/lafillerenne.fr\/blog\/wp-json\/wp\/v2\/media?parent=7029"}],"wp:term":[{"taxonomy":"product_cat","embeddable":true,"href":"https:\/\/lafillerenne.fr\/blog\/wp-json\/wp\/v2\/product_cat?post=7029"},{"taxonomy":"product_tag","embeddable":true,"href":"https:\/\/lafillerenne.fr\/blog\/wp-json\/wp\/v2\/product_tag?post=7029"}],"curies":[{"name":"wp","href":"https:\/\/api.w.org\/{rel}","templated":true}]}}