{"id":7332,"date":"2024-02-21T10:19:33","date_gmt":"2024-02-21T09:19:33","guid":{"rendered":"https:\/\/lafillerenne.fr\/blog\/?post_type=product&#038;p=7332"},"modified":"2025-11-01T11:33:06","modified_gmt":"2025-11-01T10:33:06","slug":"sticker-holographique-bois-delan","status":"publish","type":"product","link":"https:\/\/lafillerenne.fr\/blog\/produit\/sticker-holographique-bois-delan\/","title":{"rendered":"Sticker holographique bois d&#8217;\u00e9lan"},"content":{"rendered":"<p>Grand sticker holographique transparent (avec une finition \u00e9tanche stratifi\u00e9 qui donne un aspect givr\u00e9) repr\u00e9sentant un bois d&#8217;\u00e9lan (<em>Alces alces<\/em>).<\/p>\n<p>11.1 x 8.6 cm<br \/>\nVinyle, finition glossy givr\u00e9e<\/p>\n<p>Vendu \u00e0 l&#8217;unit\u00e9<\/p>\n<p>Envoi partout dans le monde. Il est aussi possible de le r\u00e9cup\u00e9rer sans frais d&#8217;envoi \u00e0 la boutique Encre&amp;Cendre (Lyon 1). S\u00e9lectionner &#8220;point de vente&#8221; en m\u00e9thode d&#8217;exp\u00e9dition.<\/p>\n<p>\u2728<\/p>\n<p><em>sticker holographic transparent antler moose elk<br \/>\n<\/em><\/p>\n","protected":false},"excerpt":{"rendered":"<p>Grand sticker holographique transparent (avec une finition \u00e9tanche stratifi\u00e9 qui donne un aspect givr\u00e9) repr\u00e9sentant un bois d&#8217;\u00e9lan (Alces alces). 11.1 x 8.6 cm Vinyle, finition glossy givr\u00e9e Vendu \u00e0 l&#8217;unit\u00e9 Envoi partout dans le monde. Il est aussi possible de le r\u00e9cup\u00e9rer sans frais d&#8217;envoi \u00e0 la boutique Encre&amp;Cendre (Lyon 1). S\u00e9lectionner &#8220;point de &hellip; <\/p>\n<p class=\"link-more\"><a href=\"https:\/\/lafillerenne.fr\/blog\/produit\/sticker-holographique-bois-delan\/\" class=\"more-link\">Continuer la lecture<span class=\"screen-reader-text\"> de &laquo;&nbsp;Sticker holographique bois d&#8217;\u00e9lan&nbsp;&raquo;<\/span><\/a><\/p>\n","protected":false},"featured_media":7409,"template":"","meta":[],"product_cat":[57,80],"product_tag":[65,62,63],"_links":{"self":[{"href":"https:\/\/lafillerenne.fr\/blog\/wp-json\/wp\/v2\/product\/7332"}],"collection":[{"href":"https:\/\/lafillerenne.fr\/blog\/wp-json\/wp\/v2\/product"}],"about":[{"href":"https:\/\/lafillerenne.fr\/blog\/wp-json\/wp\/v2\/types\/product"}],"wp:featuredmedia":[{"embeddable":true,"href":"https:\/\/lafillerenne.fr\/blog\/wp-json\/wp\/v2\/media\/7409"}],"wp:attachment":[{"href":"https:\/\/lafillerenne.fr\/blog\/wp-json\/wp\/v2\/media?parent=7332"}],"wp:term":[{"taxonomy":"product_cat","embeddable":true,"href":"https:\/\/lafillerenne.fr\/blog\/wp-json\/wp\/v2\/product_cat?post=7332"},{"taxonomy":"product_tag","embeddable":true,"href":"https:\/\/lafillerenne.fr\/blog\/wp-json\/wp\/v2\/product_tag?post=7332"}],"curies":[{"name":"wp","href":"https:\/\/api.w.org\/{rel}","templated":true}]}}