{"id":7462,"date":"2024-05-29T15:56:07","date_gmt":"2024-05-29T13:56:07","guid":{"rendered":"https:\/\/lafillerenne.fr\/blog\/?post_type=product&#038;p=7462"},"modified":"2025-09-24T11:36:22","modified_gmt":"2025-09-24T09:36:22","slug":"pack-complet-collection-feroe","status":"publish","type":"product","link":"https:\/\/lafillerenne.fr\/blog\/produit\/pack-complet-collection-feroe\/","title":{"rendered":"Pack complet collection F\u00e9ro\u00e9"},"content":{"rendered":"<p>Pack complet de la collection F\u00e9ro\u00e9 (12 cr\u00e9ations). Il comprend :<\/p>\n<p>&#8211; une paire de boucles d&#8217;oreille macareux moine en acier inoxydable<br \/>\n&#8211; un collier baleine bleu en acier inoxydable<br \/>\n&#8211; un print A4 Faroe Wildlife<br \/>\n&#8211; un print A4 Faroe Wildlife (esp\u00e8ces \u00e9teintes)<br \/>\n&#8211; un print A5 Faroe Wildlife (vert\u00e8bres)<br \/>\n&#8211; une carte postale A6<br \/>\n&#8211; un porte-cl\u00e9 maquereau en r\u00e9sine transparente<br \/>\n&#8211; un pins macareux moine en m\u00e9tal argent\u00e9 \u00e9maill\u00e9<br \/>\n&#8211; un pins maison f\u00e9ro\u00efenne en bois d&#8217;\u00e9rable vernis<br \/>\n&#8211; un pins mouton en bois d&#8217;\u00e9rable vernis<br \/>\n&#8211; un sticker holographique macareux moine<br \/>\n&#8211; un sticker holographique maquereau<\/p>\n<p>Valeur : 157\u20ac<\/p>\n<p>Envoi partout dans le monde. Il est aussi possible de le r\u00e9cup\u00e9rer sans frais d&#8217;envoi \u00e0 la boutique Encre&amp;Cendre (Lyon 1). S\u00e9lectionner &#8220;point de vente&#8221; en m\u00e9thode d&#8217;exp\u00e9dition.<\/p>\n<p>\u2728<em><br \/>\npins faroe islands scandinavia arctic winter whale puffin sheep faroese house traditional mackerel<br \/>\n<\/em><\/p>\n","protected":false},"excerpt":{"rendered":"<p>Pack complet de la collection F\u00e9ro\u00e9 (12 cr\u00e9ations). Il comprend : &#8211; une paire de boucles d&#8217;oreille macareux moine en acier inoxydable &#8211; un collier baleine bleu en acier inoxydable &#8211; un print A4 Faroe Wildlife &#8211; un print A4 Faroe Wildlife (esp\u00e8ces \u00e9teintes) &#8211; un print A5 Faroe Wildlife (vert\u00e8bres) &#8211; une carte postale &hellip; <\/p>\n<p class=\"link-more\"><a href=\"https:\/\/lafillerenne.fr\/blog\/produit\/pack-complet-collection-feroe\/\" class=\"more-link\">Continuer la lecture<span class=\"screen-reader-text\"> de &laquo;&nbsp;Pack complet collection F\u00e9ro\u00e9&nbsp;&raquo;<\/span><\/a><\/p>\n","protected":false},"featured_media":7420,"template":"","meta":[],"product_cat":[55,57,77,46,59,56,79],"product_tag":[65,60,66,69,74,70,64,68,67,63],"_links":{"self":[{"href":"https:\/\/lafillerenne.fr\/blog\/wp-json\/wp\/v2\/product\/7462"}],"collection":[{"href":"https:\/\/lafillerenne.fr\/blog\/wp-json\/wp\/v2\/product"}],"about":[{"href":"https:\/\/lafillerenne.fr\/blog\/wp-json\/wp\/v2\/types\/product"}],"wp:featuredmedia":[{"embeddable":true,"href":"https:\/\/lafillerenne.fr\/blog\/wp-json\/wp\/v2\/media\/7420"}],"wp:attachment":[{"href":"https:\/\/lafillerenne.fr\/blog\/wp-json\/wp\/v2\/media?parent=7462"}],"wp:term":[{"taxonomy":"product_cat","embeddable":true,"href":"https:\/\/lafillerenne.fr\/blog\/wp-json\/wp\/v2\/product_cat?post=7462"},{"taxonomy":"product_tag","embeddable":true,"href":"https:\/\/lafillerenne.fr\/blog\/wp-json\/wp\/v2\/product_tag?post=7462"}],"curies":[{"name":"wp","href":"https:\/\/api.w.org\/{rel}","templated":true}]}}