{"id":7465,"date":"2024-05-29T15:04:52","date_gmt":"2024-05-29T13:04:52","guid":{"rendered":"https:\/\/lafillerenne.fr\/blog\/?post_type=product&#038;p=7465"},"modified":"2025-12-15T12:39:46","modified_gmt":"2025-12-15T11:39:46","slug":"sticker-holographique-camping","status":"publish","type":"product","link":"https:\/\/lafillerenne.fr\/blog\/produit\/sticker-holographique-camping\/","title":{"rendered":"Sticker holographique camping"},"content":{"rendered":"<p>Sticker holographique (avec une finition \u00e9tanche qui donne un aspect givr\u00e9) camping avec une aurore bor\u00e9ale en fond.<\/p>\n<p>6 cm de diam\u00e8tre<\/p>\n<p>Vinyle, finition glossy givr\u00e9<\/p>\n<p>Vendu \u00e0 l&#8217;unit\u00e9<\/p>\n<p>Envoi partout dans le monde. Il est aussi possible de le r\u00e9cup\u00e9rer sans frais d&#8217;envoi \u00e0 la boutique Encre&amp;Cendre (Lyon 1). S\u00e9lectionner &#8220;point de vente&#8221; en m\u00e9thode d&#8217;exp\u00e9dition.<\/p>\n<p>\u2728<\/p>\n<p><em>stickers holographic scandinavia arctic winter camping nature aurora borealis northern lights<br \/>\n<\/em><\/p>\n","protected":false},"excerpt":{"rendered":"<p>Sticker holographique (avec une finition \u00e9tanche qui donne un aspect givr\u00e9) camping avec une aurore bor\u00e9ale en fond. 6 cm de diam\u00e8tre Vinyle, finition glossy givr\u00e9 Vendu \u00e0 l&#8217;unit\u00e9 Envoi partout dans le monde. Il est aussi possible de le r\u00e9cup\u00e9rer sans frais d&#8217;envoi \u00e0 la boutique Encre&amp;Cendre (Lyon 1). S\u00e9lectionner &#8220;point de vente&#8221; en &hellip; <\/p>\n<p class=\"link-more\"><a href=\"https:\/\/lafillerenne.fr\/blog\/produit\/sticker-holographique-camping\/\" class=\"more-link\">Continuer la lecture<span class=\"screen-reader-text\"> de &laquo;&nbsp;Sticker holographique camping&nbsp;&raquo;<\/span><\/a><\/p>\n","protected":false},"featured_media":7466,"template":"","meta":[],"product_cat":[57,79,80,81],"product_tag":[65,63],"_links":{"self":[{"href":"https:\/\/lafillerenne.fr\/blog\/wp-json\/wp\/v2\/product\/7465"}],"collection":[{"href":"https:\/\/lafillerenne.fr\/blog\/wp-json\/wp\/v2\/product"}],"about":[{"href":"https:\/\/lafillerenne.fr\/blog\/wp-json\/wp\/v2\/types\/product"}],"wp:featuredmedia":[{"embeddable":true,"href":"https:\/\/lafillerenne.fr\/blog\/wp-json\/wp\/v2\/media\/7466"}],"wp:attachment":[{"href":"https:\/\/lafillerenne.fr\/blog\/wp-json\/wp\/v2\/media?parent=7465"}],"wp:term":[{"taxonomy":"product_cat","embeddable":true,"href":"https:\/\/lafillerenne.fr\/blog\/wp-json\/wp\/v2\/product_cat?post=7465"},{"taxonomy":"product_tag","embeddable":true,"href":"https:\/\/lafillerenne.fr\/blog\/wp-json\/wp\/v2\/product_tag?post=7465"}],"curies":[{"name":"wp","href":"https:\/\/api.w.org\/{rel}","templated":true}]}}