{"id":7897,"date":"2015-10-29T14:59:12","date_gmt":"2015-10-29T13:59:12","guid":{"rendered":"https:\/\/lafillerenne.fr\/blog\/?post_type=product&#038;p=7897"},"modified":"2024-10-29T15:00:09","modified_gmt":"2024-10-29T14:00:09","slug":"print-photographie-20x25","status":"publish","type":"product","link":"https:\/\/lafillerenne.fr\/blog\/produit\/print-photographie-20x25\/","title":{"rendered":"Print photographie 20&#215;25"},"content":{"rendered":"<p>Cyrille, France, 2015<\/p>\n<p>Print sur papier Fuji Crystal Archive Supreme<br \/>\nFini mat, sign\u00e9<br \/>\n20&#215;25 cm<\/p>\n<p>Envoi partout dans le monde. Il est aussi possible de le r\u00e9cup\u00e9rer sans frais d&#8217;envoi \u00e0 la boutique Encre&amp;Cendre (Lyon 1). S\u00e9lectionner &#8220;point de vente&#8221; en m\u00e9thode d&#8217;exp\u00e9dition.<\/p>\n<p>\u2728<\/p>\n<p><em>print photography portrait double exposure polaroid<br \/>\n<\/em><\/p>\n","protected":false},"excerpt":{"rendered":"<p>Cyrille, France, 2015 Print sur papier Fuji Crystal Archive Supreme Fini mat, sign\u00e9 20&#215;25 cm Envoi partout dans le monde. Il est aussi possible de le r\u00e9cup\u00e9rer sans frais d&#8217;envoi \u00e0 la boutique Encre&amp;Cendre (Lyon 1). S\u00e9lectionner &#8220;point de vente&#8221; en m\u00e9thode d&#8217;exp\u00e9dition. \u2728 print photography portrait double exposure polaroid<\/p>\n","protected":false},"featured_media":7890,"template":"","meta":[],"product_cat":[75],"product_tag":[70,67],"_links":{"self":[{"href":"https:\/\/lafillerenne.fr\/blog\/wp-json\/wp\/v2\/product\/7897"}],"collection":[{"href":"https:\/\/lafillerenne.fr\/blog\/wp-json\/wp\/v2\/product"}],"about":[{"href":"https:\/\/lafillerenne.fr\/blog\/wp-json\/wp\/v2\/types\/product"}],"wp:featuredmedia":[{"embeddable":true,"href":"https:\/\/lafillerenne.fr\/blog\/wp-json\/wp\/v2\/media\/7890"}],"wp:attachment":[{"href":"https:\/\/lafillerenne.fr\/blog\/wp-json\/wp\/v2\/media?parent=7897"}],"wp:term":[{"taxonomy":"product_cat","embeddable":true,"href":"https:\/\/lafillerenne.fr\/blog\/wp-json\/wp\/v2\/product_cat?post=7897"},{"taxonomy":"product_tag","embeddable":true,"href":"https:\/\/lafillerenne.fr\/blog\/wp-json\/wp\/v2\/product_tag?post=7897"}],"curies":[{"name":"wp","href":"https:\/\/api.w.org\/{rel}","templated":true}]}}

<p>Cyrille, France, 2015</p>
<p>Print sur papier Fuji Crystal Archive Supreme<br />
Fini mat, signé<br />
20&#215;25 cm</p>
<p>Envoi partout dans le monde. Il est aussi possible de le récupérer sans frais d&#8217;envoi à la boutique Encre&amp;Cendre (Lyon 1). Sélectionner &#8220;point de vente&#8221; en méthode d&#8217;expédition.</p>
<p>✨</p>
<p><em>print photography portrait double exposure polaroid<br />
</em></p>

<p>Cyrille, France, 2015 Print sur papier Fuji Crystal Archive Supreme Fini mat, signé 20&#215;25 cm Envoi partout dans le monde. Il est aussi possible de le récupérer sans frais d&#8217;envoi à la boutique Encre&amp;Cendre (Lyon 1). Sélectionner &#8220;point de vente&#8221; en méthode d&#8217;expédition. ✨ print photography portrait double exposure polaroid</p>
