{"id":7904,"date":"2014-10-29T15:06:19","date_gmt":"2014-10-29T14:06:19","guid":{"rendered":"https:\/\/lafillerenne.fr\/blog\/?post_type=product&#038;p=7904"},"modified":"2024-10-29T15:07:24","modified_gmt":"2024-10-29T14:07:24","slug":"print-photographie-costa-brava-15x23","status":"publish","type":"product","link":"https:\/\/lafillerenne.fr\/blog\/produit\/print-photographie-costa-brava-15x23\/","title":{"rendered":"Print photographie Costa Brava 15&#215;23"},"content":{"rendered":"<p>Costa Brava, Espagne, 2015<\/p>\n<p>Print sur papier Fuji Crystal Archive Supreme<br \/>\nFini mat, sign\u00e9<br \/>\n15&#215;23 cm<\/p>\n<p>Envoi partout dans le monde. Il est aussi possible de le r\u00e9cup\u00e9rer sans frais d&#8217;envoi \u00e0 la boutique Encre&amp;Cendre (Lyon 1). S\u00e9lectionner &#8220;point de vente&#8221; en m\u00e9thode d&#8217;exp\u00e9dition.<\/p>\n<p>\u2728<\/p>\n<p><em>print photography portrait landscape costa brava spain<br \/>\n<\/em><\/p>\n","protected":false},"excerpt":{"rendered":"<p>Costa Brava, Espagne, 2015 Print sur papier Fuji Crystal Archive Supreme Fini mat, sign\u00e9 15&#215;23 cm Envoi partout dans le monde. Il est aussi possible de le r\u00e9cup\u00e9rer sans frais d&#8217;envoi \u00e0 la boutique Encre&amp;Cendre (Lyon 1). S\u00e9lectionner &#8220;point de vente&#8221; en m\u00e9thode d&#8217;exp\u00e9dition. \u2728 print photography portrait landscape costa brava spain<\/p>\n","protected":false},"featured_media":7905,"template":"","meta":[],"product_cat":[75],"product_tag":[70,67],"_links":{"self":[{"href":"https:\/\/lafillerenne.fr\/blog\/wp-json\/wp\/v2\/product\/7904"}],"collection":[{"href":"https:\/\/lafillerenne.fr\/blog\/wp-json\/wp\/v2\/product"}],"about":[{"href":"https:\/\/lafillerenne.fr\/blog\/wp-json\/wp\/v2\/types\/product"}],"wp:featuredmedia":[{"embeddable":true,"href":"https:\/\/lafillerenne.fr\/blog\/wp-json\/wp\/v2\/media\/7905"}],"wp:attachment":[{"href":"https:\/\/lafillerenne.fr\/blog\/wp-json\/wp\/v2\/media?parent=7904"}],"wp:term":[{"taxonomy":"product_cat","embeddable":true,"href":"https:\/\/lafillerenne.fr\/blog\/wp-json\/wp\/v2\/product_cat?post=7904"},{"taxonomy":"product_tag","embeddable":true,"href":"https:\/\/lafillerenne.fr\/blog\/wp-json\/wp\/v2\/product_tag?post=7904"}],"curies":[{"name":"wp","href":"https:\/\/api.w.org\/{rel}","templated":true}]}}

<p>Costa Brava, Espagne, 2015</p>
<p>Print sur papier Fuji Crystal Archive Supreme<br />
Fini mat, signé<br />
15&#215;23 cm</p>
<p>Envoi partout dans le monde. Il est aussi possible de le récupérer sans frais d&#8217;envoi à la boutique Encre&amp;Cendre (Lyon 1). Sélectionner &#8220;point de vente&#8221; en méthode d&#8217;expédition.</p>
<p>✨</p>
<p><em>print photography portrait landscape costa brava spain<br />
</em></p>

<p>Costa Brava, Espagne, 2015 Print sur papier Fuji Crystal Archive Supreme Fini mat, signé 15&#215;23 cm Envoi partout dans le monde. Il est aussi possible de le récupérer sans frais d&#8217;envoi à la boutique Encre&amp;Cendre (Lyon 1). Sélectionner &#8220;point de vente&#8221; en méthode d&#8217;expédition. ✨ print photography portrait landscape costa brava spain</p>
