{"id":7951,"date":"2024-05-29T15:07:32","date_gmt":"2024-05-29T13:07:32","guid":{"rendered":"https:\/\/lafillerenne.fr\/blog\/?post_type=product&#038;p=7951"},"modified":"2025-11-09T16:22:38","modified_gmt":"2025-11-09T15:22:38","slug":"print-faroe-wildlife-especes-eteintes-collection-feroe-defaut","status":"publish","type":"product","link":"https:\/\/lafillerenne.fr\/blog\/produit\/print-faroe-wildlife-especes-eteintes-collection-feroe-defaut\/","title":{"rendered":"Print Faroe Wildlife (esp\u00e8ces \u00e9teintes), collection F\u00e9ro\u00e9 (d\u00e9faut)"},"content":{"rendered":"<p>Print sur des esp\u00e8ces sauvages aujourd&#8217;hui \u00e9teintes, que l&#8217;on trouvait autrefois dans l&#8217;archipel des F\u00e9ro\u00e9 : le grand pingouin, le mouton de L\u00edtla D\u00edmun et le corbeau pie. Il est \u00e0 prix r\u00e9duit car il y a un d\u00e9faut d&#8217;impression (des d\u00e9calages apparaissent sur une partie des motifs du corbeau pie, voir photo 2).<\/p>\n<p>Impression sign\u00e9e, sur papier 250g, fini couch\u00e9 demi-mat, format A4.<br \/>\nL&#8217;original a \u00e9t\u00e9 r\u00e9alis\u00e9 \u00e0 la main, aux feutres.<\/p>\n<p>Envoi partout dans le monde. Il est aussi possible de le r\u00e9cup\u00e9rer sans frais d&#8217;envoi \u00e0 la boutique Encre&amp;Cendre (Lyon 1). S\u00e9lectionner &#8220;point de vente&#8221; en m\u00e9thode d&#8217;exp\u00e9dition.<\/p>\n<p>\u2728<br \/>\n<em>print wildlife animal bones science faroe islands norway scandinavia arctic great auk L\u00edtla D\u00edmun sheep pied raven<br \/>\n<\/em><\/p>\n","protected":false},"excerpt":{"rendered":"<p>Print sur des esp\u00e8ces sauvages aujourd&#8217;hui \u00e9teintes, que l&#8217;on trouvait autrefois dans l&#8217;archipel des F\u00e9ro\u00e9 : le grand pingouin, le mouton de L\u00edtla D\u00edmun et le corbeau pie. Il est \u00e0 prix r\u00e9duit car il y a un d\u00e9faut d&#8217;impression (des d\u00e9calages apparaissent sur une partie des motifs du corbeau pie, voir photo 2). Impression &hellip; <\/p>\n<p class=\"link-more\"><a href=\"https:\/\/lafillerenne.fr\/blog\/produit\/print-faroe-wildlife-especes-eteintes-collection-feroe-defaut\/\" class=\"more-link\">Continuer la lecture<span class=\"screen-reader-text\"> de &laquo;&nbsp;Print Faroe Wildlife (esp\u00e8ces \u00e9teintes), collection F\u00e9ro\u00e9 (d\u00e9faut)&nbsp;&raquo;<\/span><\/a><\/p>\n","protected":false},"featured_media":7440,"template":"","meta":[],"product_cat":[46,79,83],"product_tag":[65,74,67],"_links":{"self":[{"href":"https:\/\/lafillerenne.fr\/blog\/wp-json\/wp\/v2\/product\/7951"}],"collection":[{"href":"https:\/\/lafillerenne.fr\/blog\/wp-json\/wp\/v2\/product"}],"about":[{"href":"https:\/\/lafillerenne.fr\/blog\/wp-json\/wp\/v2\/types\/product"}],"wp:featuredmedia":[{"embeddable":true,"href":"https:\/\/lafillerenne.fr\/blog\/wp-json\/wp\/v2\/media\/7440"}],"wp:attachment":[{"href":"https:\/\/lafillerenne.fr\/blog\/wp-json\/wp\/v2\/media?parent=7951"}],"wp:term":[{"taxonomy":"product_cat","embeddable":true,"href":"https:\/\/lafillerenne.fr\/blog\/wp-json\/wp\/v2\/product_cat?post=7951"},{"taxonomy":"product_tag","embeddable":true,"href":"https:\/\/lafillerenne.fr\/blog\/wp-json\/wp\/v2\/product_tag?post=7951"}],"curies":[{"name":"wp","href":"https:\/\/api.w.org\/{rel}","templated":true}]}}

Print Faroe Wildlife (espèces éteintes), collection Féroé (défaut)

<p>Print sur des espèces sauvages aujourd&#8217;hui éteintes, que l&#8217;on trouvait autrefois dans l&#8217;archipel des Féroé : le grand pingouin, le mouton de Lítla Dímun et le corbeau pie. Il est à prix réduit car il y a un défaut d&#8217;impression (des décalages apparaissent sur une partie des motifs du corbeau pie, voir photo 2).</p>
<p>Impression signée, sur papier 250g, fini couché demi-mat, format A4.<br />
L&#8217;original a été réalisé à la main, aux feutres.</p>
<p>Envoi partout dans le monde. Il est aussi possible de le récupérer sans frais d&#8217;envoi à la boutique Encre&amp;Cendre (Lyon 1). Sélectionner &#8220;point de vente&#8221; en méthode d&#8217;expédition.</p>
<p>✨<br />
<em>print wildlife animal bones science faroe islands norway scandinavia arctic great auk Lítla Dímun sheep pied raven<br />
</em></p>

<p>Print sur des espèces sauvages aujourd&#8217;hui éteintes, que l&#8217;on trouvait autrefois dans l&#8217;archipel des Féroé : le grand pingouin, le mouton de Lítla Dímun et le corbeau pie. Il est à prix réduit car il y a un défaut d&#8217;impression (des décalages apparaissent sur une partie des motifs du corbeau pie, voir photo 2). Impression &hellip; </p>
<p class="link-more"><a href="https://lafillerenne.fr/blog/produit/print-faroe-wildlife-especes-eteintes-collection-feroe-defaut/" class="more-link">Continuer la lecture<span class="screen-reader-text"> de &laquo;&nbsp;Print Faroe Wildlife (espèces éteintes), collection Féroé (défaut)&nbsp;&raquo;</span></a></p>
