{"id":8245,"date":"2025-07-28T18:13:45","date_gmt":"2025-07-28T16:13:45","guid":{"rendered":"https:\/\/lafillerenne.fr\/blog\/?post_type=product&#038;p=8245"},"modified":"2025-09-23T12:53:20","modified_gmt":"2025-09-23T10:53:20","slug":"print-photographie-sainte-agathe-15x23","status":"publish","type":"product","link":"https:\/\/lafillerenne.fr\/blog\/produit\/print-photographie-sainte-agathe-15x23\/","title":{"rendered":"Print photographie Sainte Agathe 15&#215;23"},"content":{"rendered":"<p>Tournage du film <em>Nos Fins Joyeuses<br \/>\n<\/em>Illustrations de Lucie Levon Babayan<\/p>\n<p>Print sur papier Fuji Crystal Archive Supreme<br \/>\nFini mat, sign\u00e9<br \/>\n15&#215;23 cm<\/p>\n<p>Envoi partout dans le monde. Il est aussi possible de le r\u00e9cup\u00e9rer sans frais d&#8217;envoi sur Villeurbanne. S\u00e9lectionner &#8220;point de vente&#8221; en m\u00e9thode d&#8217;exp\u00e9dition.<\/p>\n<p><strong>Pr\u00e9ventes ! Les prints seront exp\u00e9di\u00e9s en octobre 2025.<\/strong><\/p>\n<p>\u2728<\/p>\n<p><em>print photography queer transmasculine transmasculinity<\/em><\/p>\n","protected":false},"excerpt":{"rendered":"<p>Tournage du film Nos Fins Joyeuses Illustrations de Lucie Levon Babayan Print sur papier Fuji Crystal Archive Supreme Fini mat, sign\u00e9 15&#215;23 cm Envoi partout dans le monde. Il est aussi possible de le r\u00e9cup\u00e9rer sans frais d&#8217;envoi sur Villeurbanne. S\u00e9lectionner &#8220;point de vente&#8221; en m\u00e9thode d&#8217;exp\u00e9dition. Pr\u00e9ventes ! Les prints seront exp\u00e9di\u00e9s en octobre &hellip; <\/p>\n<p class=\"link-more\"><a href=\"https:\/\/lafillerenne.fr\/blog\/produit\/print-photographie-sainte-agathe-15x23\/\" class=\"more-link\">Continuer la lecture<span class=\"screen-reader-text\"> de &laquo;&nbsp;Print photographie Sainte Agathe 15&#215;23&nbsp;&raquo;<\/span><\/a><\/p>\n","protected":false},"featured_media":8247,"template":"","meta":[],"product_cat":[75,82],"product_tag":[70,67],"_links":{"self":[{"href":"https:\/\/lafillerenne.fr\/blog\/wp-json\/wp\/v2\/product\/8245"}],"collection":[{"href":"https:\/\/lafillerenne.fr\/blog\/wp-json\/wp\/v2\/product"}],"about":[{"href":"https:\/\/lafillerenne.fr\/blog\/wp-json\/wp\/v2\/types\/product"}],"wp:featuredmedia":[{"embeddable":true,"href":"https:\/\/lafillerenne.fr\/blog\/wp-json\/wp\/v2\/media\/8247"}],"wp:attachment":[{"href":"https:\/\/lafillerenne.fr\/blog\/wp-json\/wp\/v2\/media?parent=8245"}],"wp:term":[{"taxonomy":"product_cat","embeddable":true,"href":"https:\/\/lafillerenne.fr\/blog\/wp-json\/wp\/v2\/product_cat?post=8245"},{"taxonomy":"product_tag","embeddable":true,"href":"https:\/\/lafillerenne.fr\/blog\/wp-json\/wp\/v2\/product_tag?post=8245"}],"curies":[{"name":"wp","href":"https:\/\/api.w.org\/{rel}","templated":true}]}}