{"id":8571,"date":"2025-09-24T10:08:55","date_gmt":"2025-09-24T08:08:55","guid":{"rendered":"https:\/\/lafillerenne.fr\/blog\/?post_type=product&#038;p=8571"},"modified":"2026-01-08T19:03:34","modified_gmt":"2026-01-08T18:03:34","slug":"peluche-cookie","status":"publish","type":"product","link":"https:\/\/lafillerenne.fr\/blog\/produit\/peluche-cookie\/","title":{"rendered":"Peluche cookie"},"content":{"rendered":"<p>Peluche tout douce rembourr\u00e9e en polaire marron, repr\u00e9sentant un cookie.<br \/>\nDes morceaux de feutrines marron et marron clair cousus sur le dessus font office de p\u00e9pites de chocolat. Les yeux sont des yeux de s\u00e9curit\u00e9 en plastique noir.<br \/>\nCertains tissus utilis\u00e9s sont issus de r\u00e9cup\u00e9ration et la couleur de la polaire varie selon les arrivages.<\/p>\n<p>9 cm<br \/>\nVendue \u00e0 l&#8217;unit\u00e9<\/p>\n<p>Envoi partout dans le monde. Il est aussi possible de le r\u00e9cup\u00e9rer sans frais d&#8217;envoi \u00e0 Villeurbanne. S\u00e9lectionner &#8220;point de vente&#8221; en m\u00e9thode d&#8217;exp\u00e9dition.<\/p>\n<p>\u2728<br \/>\n<em>peluche stuffed animal cute plush cookie cake<\/em><\/p>\n","protected":false},"excerpt":{"rendered":"<p>Peluche tout douce rembourr\u00e9e en polaire marron, repr\u00e9sentant un cookie. Des morceaux de feutrines marron et marron clair cousus sur le dessus font office de p\u00e9pites de chocolat. Les yeux sont des yeux de s\u00e9curit\u00e9 en plastique noir. Certains tissus utilis\u00e9s sont issus de r\u00e9cup\u00e9ration et la couleur de la polaire varie selon les arrivages. &hellip; <\/p>\n<p class=\"link-more\"><a href=\"https:\/\/lafillerenne.fr\/blog\/produit\/peluche-cookie\/\" class=\"more-link\">Continuer la lecture<span class=\"screen-reader-text\"> de &laquo;&nbsp;Peluche cookie&nbsp;&raquo;<\/span><\/a><\/p>\n","protected":false},"featured_media":8572,"template":"","meta":[],"product_cat":[78],"product_tag":[],"_links":{"self":[{"href":"https:\/\/lafillerenne.fr\/blog\/wp-json\/wp\/v2\/product\/8571"}],"collection":[{"href":"https:\/\/lafillerenne.fr\/blog\/wp-json\/wp\/v2\/product"}],"about":[{"href":"https:\/\/lafillerenne.fr\/blog\/wp-json\/wp\/v2\/types\/product"}],"wp:featuredmedia":[{"embeddable":true,"href":"https:\/\/lafillerenne.fr\/blog\/wp-json\/wp\/v2\/media\/8572"}],"wp:attachment":[{"href":"https:\/\/lafillerenne.fr\/blog\/wp-json\/wp\/v2\/media?parent=8571"}],"wp:term":[{"taxonomy":"product_cat","embeddable":true,"href":"https:\/\/lafillerenne.fr\/blog\/wp-json\/wp\/v2\/product_cat?post=8571"},{"taxonomy":"product_tag","embeddable":true,"href":"https:\/\/lafillerenne.fr\/blog\/wp-json\/wp\/v2\/product_tag?post=8571"}],"curies":[{"name":"wp","href":"https:\/\/api.w.org\/{rel}","templated":true}]}}