{"id":8596,"date":"2025-09-24T10:30:38","date_gmt":"2025-09-24T08:30:38","guid":{"rendered":"https:\/\/lafillerenne.fr\/blog\/?post_type=product&#038;p=8596"},"modified":"2026-01-08T19:02:49","modified_gmt":"2026-01-08T18:02:49","slug":"peluche-huitre","status":"publish","type":"product","link":"https:\/\/lafillerenne.fr\/blog\/produit\/peluche-huitre\/","title":{"rendered":"Peluche huitre"},"content":{"rendered":"<p>Peluche tout douce rembourr\u00e9e en polaire rose, blanche et grise, en forme d\u2019hu\u00eetre.<br \/>\nElle rappelle les hu\u00eetres toutes mignonnes du roman <em>Alice au pays des merveilles<\/em> de Lewis Carroll<br \/>\nLes yeux sont des yeux de s\u00e9curit\u00e9 en plastique noir.<br \/>\nCertains tissus utilis\u00e9s sont issus de r\u00e9cup\u00e9ration et la couleur de la polaire rose varie selon les arrivages (plus ou moins claire).<\/p>\n<p>11&#215;7 cm<br \/>\nVendue \u00e0 l&#8217;unit\u00e9<\/p>\n<p>Envoi partout dans le monde. Il est aussi possible de le r\u00e9cup\u00e9rer sans frais d&#8217;envoi \u00e0 Villeurbanne. S\u00e9lectionner &#8220;point de vente&#8221; en m\u00e9thode d&#8217;exp\u00e9dition.<\/p>\n<p>\u2728<br \/>\n<em>peluche stuffed animal cute plush huitre alice au pays des merveille oyster alice in wonderland<\/em><\/p>\n","protected":false},"excerpt":{"rendered":"<p>Peluche tout douce rembourr\u00e9e en polaire rose, blanche et grise, en forme d\u2019hu\u00eetre. Elle rappelle les hu\u00eetres toutes mignonnes du roman Alice au pays des merveilles de Lewis Carroll Les yeux sont des yeux de s\u00e9curit\u00e9 en plastique noir. Certains tissus utilis\u00e9s sont issus de r\u00e9cup\u00e9ration et la couleur de la polaire rose varie selon &hellip; <\/p>\n<p class=\"link-more\"><a href=\"https:\/\/lafillerenne.fr\/blog\/produit\/peluche-huitre\/\" class=\"more-link\">Continuer la lecture<span class=\"screen-reader-text\"> de &laquo;&nbsp;Peluche huitre&nbsp;&raquo;<\/span><\/a><\/p>\n","protected":false},"featured_media":8597,"template":"","meta":[],"product_cat":[78],"product_tag":[],"_links":{"self":[{"href":"https:\/\/lafillerenne.fr\/blog\/wp-json\/wp\/v2\/product\/8596"}],"collection":[{"href":"https:\/\/lafillerenne.fr\/blog\/wp-json\/wp\/v2\/product"}],"about":[{"href":"https:\/\/lafillerenne.fr\/blog\/wp-json\/wp\/v2\/types\/product"}],"wp:featuredmedia":[{"embeddable":true,"href":"https:\/\/lafillerenne.fr\/blog\/wp-json\/wp\/v2\/media\/8597"}],"wp:attachment":[{"href":"https:\/\/lafillerenne.fr\/blog\/wp-json\/wp\/v2\/media?parent=8596"}],"wp:term":[{"taxonomy":"product_cat","embeddable":true,"href":"https:\/\/lafillerenne.fr\/blog\/wp-json\/wp\/v2\/product_cat?post=8596"},{"taxonomy":"product_tag","embeddable":true,"href":"https:\/\/lafillerenne.fr\/blog\/wp-json\/wp\/v2\/product_tag?post=8596"}],"curies":[{"name":"wp","href":"https:\/\/api.w.org\/{rel}","templated":true}]}}