{"id":8606,"date":"2025-09-24T10:53:38","date_gmt":"2025-09-24T08:53:38","guid":{"rendered":"https:\/\/lafillerenne.fr\/blog\/?post_type=product&#038;p=8606"},"modified":"2025-09-24T11:02:57","modified_gmt":"2025-09-24T09:02:57","slug":"collier-reliquaire","status":"publish","type":"product","link":"https:\/\/lafillerenne.fr\/blog\/produit\/collier-reliquaire\/","title":{"rendered":"Collier reliquaire"},"content":{"rendered":"<p>Collier compos\u00e9 d&#8217;une fiole en verre contenant six vert\u00e8bres de poisson. Le bouchon est en li\u00e8ge.<br \/>\nLes vert\u00e8bres provenant de r\u00e9cup\u00e9ration, aucun animal n&#8217;a \u00e9t\u00e9 tu\u00e9 pour le la confection de ce bijou.<\/p>\n<p>Fiole 4 cm<br \/>\nCha\u00eene de 60 cm couleur laiton<\/p>\n<p>Envoi partout dans le monde. Il est aussi possible de le r\u00e9cup\u00e9rer sans frais d&#8217;envoi \u00e0 Villeurbanne. S\u00e9lectionner &#8220;point de vente&#8221; en m\u00e9thode d&#8217;exp\u00e9dition.<\/p>\n<p>\u2728<\/p>\n<p><em>collier necklace curiosit\u00e9 curiosities fish poisson vert\u00e8bre vertebrae<\/em><\/p>\n","protected":false},"excerpt":{"rendered":"<p>Collier compos\u00e9 d&#8217;une fiole en verre contenant six vert\u00e8bres de poisson. Le bouchon est en li\u00e8ge. Les vert\u00e8bres provenant de r\u00e9cup\u00e9ration, aucun animal n&#8217;a \u00e9t\u00e9 tu\u00e9 pour le la confection de ce bijou. Fiole 4 cm Cha\u00eene de 60 cm couleur laiton Envoi partout dans le monde. Il est aussi possible de le r\u00e9cup\u00e9rer sans &hellip; <\/p>\n<p class=\"link-more\"><a href=\"https:\/\/lafillerenne.fr\/blog\/produit\/collier-reliquaire\/\" class=\"more-link\">Continuer la lecture<span class=\"screen-reader-text\"> de &laquo;&nbsp;Collier reliquaire&nbsp;&raquo;<\/span><\/a><\/p>\n","protected":false},"featured_media":8617,"template":"","meta":[],"product_cat":[77],"product_tag":[69],"_links":{"self":[{"href":"https:\/\/lafillerenne.fr\/blog\/wp-json\/wp\/v2\/product\/8606"}],"collection":[{"href":"https:\/\/lafillerenne.fr\/blog\/wp-json\/wp\/v2\/product"}],"about":[{"href":"https:\/\/lafillerenne.fr\/blog\/wp-json\/wp\/v2\/types\/product"}],"wp:featuredmedia":[{"embeddable":true,"href":"https:\/\/lafillerenne.fr\/blog\/wp-json\/wp\/v2\/media\/8617"}],"wp:attachment":[{"href":"https:\/\/lafillerenne.fr\/blog\/wp-json\/wp\/v2\/media?parent=8606"}],"wp:term":[{"taxonomy":"product_cat","embeddable":true,"href":"https:\/\/lafillerenne.fr\/blog\/wp-json\/wp\/v2\/product_cat?post=8606"},{"taxonomy":"product_tag","embeddable":true,"href":"https:\/\/lafillerenne.fr\/blog\/wp-json\/wp\/v2\/product_tag?post=8606"}],"curies":[{"name":"wp","href":"https:\/\/api.w.org\/{rel}","templated":true}]}}