{"id":8666,"date":"2025-09-24T14:08:05","date_gmt":"2025-09-24T12:08:05","guid":{"rendered":"https:\/\/lafillerenne.fr\/blog\/?post_type=product&#038;p=8666"},"modified":"2025-11-18T10:12:28","modified_gmt":"2025-11-18T09:12:28","slug":"mug-chasing-whales","status":"publish","type":"product","link":"https:\/\/lafillerenne.fr\/blog\/produit\/mug-chasing-whales\/","title":{"rendered":"Mug Chasing Whales"},"content":{"rendered":"<p>Mug avec une photographie issue du film <em>Chasing Whales<\/em>, prise dans les \u00eeles F\u00e9ro\u00e9.<br \/>\nM\u00e9tal \u00e9maill\u00e9 blanc<\/p>\n<p>Lavage \u00e0 la main recommand\u00e9.<\/p>\n","protected":false},"excerpt":{"rendered":"<p>Mug avec une photographie issue du film Chasing Whales, prise dans les \u00eeles F\u00e9ro\u00e9. M\u00e9tal \u00e9maill\u00e9 blanc Lavage \u00e0 la main recommand\u00e9.<\/p>\n","protected":false},"featured_media":8731,"template":"","meta":[],"product_cat":[47,79],"product_tag":[73,70],"_links":{"self":[{"href":"https:\/\/lafillerenne.fr\/blog\/wp-json\/wp\/v2\/product\/8666"}],"collection":[{"href":"https:\/\/lafillerenne.fr\/blog\/wp-json\/wp\/v2\/product"}],"about":[{"href":"https:\/\/lafillerenne.fr\/blog\/wp-json\/wp\/v2\/types\/product"}],"wp:featuredmedia":[{"embeddable":true,"href":"https:\/\/lafillerenne.fr\/blog\/wp-json\/wp\/v2\/media\/8731"}],"wp:attachment":[{"href":"https:\/\/lafillerenne.fr\/blog\/wp-json\/wp\/v2\/media?parent=8666"}],"wp:term":[{"taxonomy":"product_cat","embeddable":true,"href":"https:\/\/lafillerenne.fr\/blog\/wp-json\/wp\/v2\/product_cat?post=8666"},{"taxonomy":"product_tag","embeddable":true,"href":"https:\/\/lafillerenne.fr\/blog\/wp-json\/wp\/v2\/product_tag?post=8666"}],"curies":[{"name":"wp","href":"https:\/\/api.w.org\/{rel}","templated":true}]}}