{"id":8689,"date":"2025-10-10T14:49:28","date_gmt":"2025-10-10T12:49:28","guid":{"rendered":"https:\/\/lafillerenne.fr\/blog\/?post_type=product&#038;p=8689"},"modified":"2026-02-15T12:15:24","modified_gmt":"2026-02-15T11:15:24","slug":"affiche-nos-fins-joyeuses-a4","status":"publish","type":"product","link":"https:\/\/lafillerenne.fr\/blog\/produit\/affiche-nos-fins-joyeuses-a4\/","title":{"rendered":"Affiche Nos Fins Joyeuses A4"},"content":{"rendered":"<p>Affiche du film <em>Nos Fins Joyeuses.<\/em><\/p>\n<p>Print sur papier textur\u00e9 250g<br \/>\nA4<\/p>\n<p>Envoi partout dans le monde. Il est aussi possible de le r\u00e9cup\u00e9rer sans frais d\u2019envoi sur Villeurbanne. S\u00e9lectionner \u201cpoint de vente\u201d en m\u00e9thode d\u2019exp\u00e9dition.<\/p>\n<p>\u2728<\/p>\n<p><em>print photography landscape queer transmasculine trans transmasculinity<\/em><\/p>\n","protected":false},"excerpt":{"rendered":"<p>Affiche du film Nos Fins Joyeuses. Print sur papier textur\u00e9 250g A4 Envoi partout dans le monde. Il est aussi possible de le r\u00e9cup\u00e9rer sans frais d\u2019envoi sur Villeurbanne. S\u00e9lectionner \u201cpoint de vente\u201d en m\u00e9thode d\u2019exp\u00e9dition. \u2728 print photography landscape queer transmasculine trans transmasculinity<\/p>\n","protected":false},"featured_media":8733,"template":"","meta":[],"product_cat":[75,46,82],"product_tag":[70,67],"_links":{"self":[{"href":"https:\/\/lafillerenne.fr\/blog\/wp-json\/wp\/v2\/product\/8689"}],"collection":[{"href":"https:\/\/lafillerenne.fr\/blog\/wp-json\/wp\/v2\/product"}],"about":[{"href":"https:\/\/lafillerenne.fr\/blog\/wp-json\/wp\/v2\/types\/product"}],"wp:featuredmedia":[{"embeddable":true,"href":"https:\/\/lafillerenne.fr\/blog\/wp-json\/wp\/v2\/media\/8733"}],"wp:attachment":[{"href":"https:\/\/lafillerenne.fr\/blog\/wp-json\/wp\/v2\/media?parent=8689"}],"wp:term":[{"taxonomy":"product_cat","embeddable":true,"href":"https:\/\/lafillerenne.fr\/blog\/wp-json\/wp\/v2\/product_cat?post=8689"},{"taxonomy":"product_tag","embeddable":true,"href":"https:\/\/lafillerenne.fr\/blog\/wp-json\/wp\/v2\/product_tag?post=8689"}],"curies":[{"name":"wp","href":"https:\/\/api.w.org\/{rel}","templated":true}]}}