{"id":8739,"date":"2025-11-19T10:33:46","date_gmt":"2025-11-19T09:33:46","guid":{"rendered":"https:\/\/lafillerenne.fr\/blog\/?post_type=product&#038;p=8739"},"modified":"2026-02-16T14:08:44","modified_gmt":"2026-02-16T13:08:44","slug":"sticker-crane-grand-pingouin","status":"publish","type":"product","link":"https:\/\/lafillerenne.fr\/blog\/produit\/sticker-crane-grand-pingouin\/","title":{"rendered":"Sticker cr\u00e2ne grand pingouin"},"content":{"rendered":"<p>Sticker en papier kraft r\u00e9sistant repr\u00e9sentant un cr\u00e2ne de grand pingouin (<em><span class=\"LrzXr kno-fv wHYlTd z8gr9e\">Pinguinus impennis<\/span><\/em>), esp\u00e8ce disparue de l&#8217;Atlantique nord.<br \/>\n6 x 2.5 cm<br \/>\nCr\u00e9\u00e9 \u00e0 partir de papier recycl\u00e9<\/p>\n<p>Vendu \u00e0 l&#8217;unit\u00e9<\/p>\n<p>Envoi partout dans le monde. Il est aussi possible de le r\u00e9cup\u00e9rer sans frais d&#8217;envoi sur Lyon \/ Villeurbanne. S\u00e9lectionner &#8220;point de vente&#8221; en m\u00e9thode d&#8217;exp\u00e9dition.<\/p>\n<p>\u2728<br \/>\n<em>stickers kraft faroe scotland norway scandinavia arctic winter skull bones bird great auk<\/em><\/p>\n","protected":false},"excerpt":{"rendered":"<p>Sticker en papier kraft r\u00e9sistant repr\u00e9sentant un cr\u00e2ne de grand pingouin (Pinguinus impennis), esp\u00e8ce disparue de l&#8217;Atlantique nord. 6 x 2.5 cm Cr\u00e9\u00e9 \u00e0 partir de papier recycl\u00e9 Vendu \u00e0 l&#8217;unit\u00e9 Envoi partout dans le monde. Il est aussi possible de le r\u00e9cup\u00e9rer sans frais d&#8217;envoi sur Lyon \/ Villeurbanne. S\u00e9lectionner &#8220;point de vente&#8221; en &hellip; <\/p>\n<p class=\"link-more\"><a href=\"https:\/\/lafillerenne.fr\/blog\/produit\/sticker-crane-grand-pingouin\/\" class=\"more-link\">Continuer la lecture<span class=\"screen-reader-text\"> de &laquo;&nbsp;Sticker cr\u00e2ne grand pingouin&nbsp;&raquo;<\/span><\/a><\/p>\n","protected":false},"featured_media":8766,"template":"","meta":[],"product_cat":[57,79,80,81],"product_tag":[65,62,63],"_links":{"self":[{"href":"https:\/\/lafillerenne.fr\/blog\/wp-json\/wp\/v2\/product\/8739"}],"collection":[{"href":"https:\/\/lafillerenne.fr\/blog\/wp-json\/wp\/v2\/product"}],"about":[{"href":"https:\/\/lafillerenne.fr\/blog\/wp-json\/wp\/v2\/types\/product"}],"wp:featuredmedia":[{"embeddable":true,"href":"https:\/\/lafillerenne.fr\/blog\/wp-json\/wp\/v2\/media\/8766"}],"wp:attachment":[{"href":"https:\/\/lafillerenne.fr\/blog\/wp-json\/wp\/v2\/media?parent=8739"}],"wp:term":[{"taxonomy":"product_cat","embeddable":true,"href":"https:\/\/lafillerenne.fr\/blog\/wp-json\/wp\/v2\/product_cat?post=8739"},{"taxonomy":"product_tag","embeddable":true,"href":"https:\/\/lafillerenne.fr\/blog\/wp-json\/wp\/v2\/product_tag?post=8739"}],"curies":[{"name":"wp","href":"https:\/\/api.w.org\/{rel}","templated":true}]}}